1851
Convert 220221202 (base 3) to base 5.
1040231
Convert d3d4 (base 16) to base 11.
37819
Convert 3301232 (base 4) to base 5.
443340
What is 9298 (base 14) in base 2?
110001010000110
What is 11110220212 (base 3) in base 11?
60258
-450 (base 6) to base 16
-ae
Convert 30a (base 11) to base 8.
565
What is -453122 (base 6) in base 12?
-1a1a2
Convert 5643 (base 7) to base 15.
910
122 (base 7) to base 4
1001
Convert 1abc3 (base 13) to base 15.
10884
What is -2a (base 12) in base 3?
-1021
Convert -10000100100100 (base 2) to base 10.
-8484
What is -305 (base 7) in base 11?
-129
What is ef0 (base 16) in base 3?
12020122
Convert 241 (base 6) to base 2.
1100001
40530 (base 8) to base 6
205240
Convert 225215 (base 7) to base 5.
2241431
What is 2515 (base 9) in base 6?
12405
What is -6c43 (base 13) in base 3?
-202221101
b54 (base 12) to base 15
74d
What is -739 (base 11) in base 16?
-379
What is -a (base 11) in base 6?
-14
311145 (base 6) to base 8
60511
What is 7599 (base 12) in base 3?
122202000
1745 (base 14) to base 2
1000001010001
Convert 1036 (base 9) to base 12.
536
What is 2423 (base 8) in base 14?
68b
What is -348 (base 15) in base 6?
-3235
Convert 1608 (base 15) to base 14.
1a21
What is 78b (base 12) in base 16?
45b
Convert -2040 (base 6) to base 11.
-385
-37b4 (base 16) to base 14
-52a8
What is -7716 (base 8) in base 13?
-1ac3
What is -47 (base 10) in base 7?
-65
-11221002 (base 3) to base 9
-4832
What is -c85 (base 15) in base 7?
-11144
Convert -1211021 (base 4) to base 13.
-2c3c
Convert 6241 (base 10) to base 16.
1861
Convert 241014 (base 5) to base 6.
105044
22022320 (base 4) to base 2
1010001010111000
What is -836 (base 13) in base 14?
-71b
Convert -2482 (base 10) to base 9.
-3357
Convert 2652 (base 16) to base 5.
303220
Convert 3a9 (base 16) to base 15.
427
-1933 (base 11) to base 5
-34311
Convert -65143 (base 7) to base 4.
-3331021
Convert 3403 (base 11) to base 5.
120410
What is 334 (base 7) in base 5?
1142
-104177 (base 8) to base 3
-1202221012
What is 42201 (base 5) in base 3?
10211202
What is -2150 (base 12) in base 15?
-1140
What is 151205 (base 8) in base 3?
2201221001
Convert 33ac (base 16) to base 10.
13228
-1011001010000001 (base 2) to base 3
-2022200111
What is 1531 (base 7) in base 6?
2454
250 (base 9) to base 11
179
Convert -63345 (base 8) to base 5.
-1320331
Convert -7252 (base 8) to base 5.
-110004
10202020120 (base 3) to base 2
10010000001001110
Convert -77444 (base 8) to base 15.
-999d
What is 1143 (base 5) in base 6?
445
Convert ab36 (base 12) to base 15.
5906
Convert 1112221 (base 3) to base 7.
3205
Convert 1000001111001 (base 2) to base 5.
113332
Convert -137 (base 10) to base 7.
-254
What is -67cd (base 14) in base 8?
-43141
599 (base 14) to base 13
67a
What is -1011111111110 (base 2) in base 16?
-17fe
Convert -11222121 (base 3) to base 5.
-104014
4b3 (base 12) to base 5
10321
-25c (base 14) to base 7
-1245
1493 (base 12) to base 7
10020
Convert -2e9 (base 15) to base 2.
-1010011101
Convert -476 (base 10) to base 5.
-3401
-2550 (base 6) to base 8
-1202
938 (base 10) to base 5
12223
-1111000 (base 2) to base 4
-1320
Convert 113004 (base 6) to base 7.
40231
What is -12b (base 16) in base 5?
-2144
Convert -941 (base 12) to base 2.
-10101000001
What is 12430 (base 5) in base 2?
1111011110
932b (base 12) to base 2
11111010010011
Convert 101102 (base 3) to base 2.
100011001
-110202 (base 4) to base 6
-10030
442 (base 5) to base 8
172
What is -5435 (base 9) in base 2?
-111110100001
Convert 404330 (base 5) to base 4.
3030202
What is 918 (base 10) in base 8?
1626
Convert -600 (base 16) to base 2.
-11000000000
-1a91 (base 13) to base 11
-3011
Convert -1131332 (base 4) to base 11.
-4578
What is -14330 (base 5) in base 11?
-a05
-70 (base 12) to base 3
-10010
Convert -1253 (base 15) to base 2.
-111100111111
-289 (base 14) to base 11
-427
Convert -238b (base 12) to base 9.
-5428
What is 664 (base 14) in base 9?
1654
Convert 11cd (base 16) to base 5.
121212
What is -6940 (base 11) in base 4?
-2032133
Convert -10200 (base 4) to base 14.
-168
Convert -1183 (base 10) to base 16.
-49f
1022122 (base 4) to base 14
1a42
205 (base 8) to base 2
10000101
Convert 579 (base 10) to base 15.
289
What is 5655 (base 9) in base 8?
10125
Convert 13965 (base 12) to base 9.
41385
-10100001110 (base 2) to base 8
-2416
Convert -3320 (base 4) to base 7.
-503
Convert -11c4b (base 14) to base 15.
-cda4
Convert 124 (base 5) to base 6.
103
46 (base 15) to base 5
231
Convert -a27a (base 14) to base 7.
-144313
Convert -1b7 (base 14) to base 6.
-1353
Convert 10130 (base 7) to base 3.
10101112
Convert -f49 (base 16) to base 9.
-5327
Convert 102200 (base 4) to base 3.
1121212
-22332232 (base 4) to base 13
-17617
765 (base 10) to base 4
23331
-320103 (base 4) to base 12
-2103
Convert -56242 (base 7) to base 2.
-11011101101111
What is 23302 (base 5) in base 14?
898
Convert 19 (base 12) to base 8.
25
Convert 121 (base 8) to base 2.
1010001
Convert -5532 (base 7) to base 16.
-7bf
Convert 274 (base 13) to base 9.
531
-17896 (base 11) to base 3
-1021100002
2ca (base 14) to base 15
280
Convert -130401 (base 6) to base 16.
-2e21
Convert -1011101110100 (base 2) to base 15.
-1ba4
What is -20110131 (base 4) in base 12?
-17879
-4d (base 16) to base 2
-1001101
553 (base 14) to base 2
10000011101
Convert -7a1 (base 15) to base 9.
-2327
112122 (base 5) to base 12
2405
What is -1111011011011000 (base 2) in base 15?
-13acc
Convert 203053 (base 6) to base 5.
1004413
592 (base 11) to base 8
1302
-28640 (base 9) to base 12
-b330
8a21 (base 15) to base 14
a957
-10125 (base 7) to base 15
-ae9
Convert -1356 (base 9) to base 13.
-609
What is -1132 (base 6) in base 16?
-110
9323 (base 10) to base 13
4322
-577 (base 10) to base 8
-1101
What is 11100000 (base 3) in base 12?
19b3
What is -58 (base 15) in base 14?
-5d
Convert -7226 (base 9) to base 6.
-40253
Convert -201232 (base 4) to base 12.
-12ba
What is -33413 (base 6) in base 2?
-1001001010001
Convert -c9 (base 14) to base 3.
-20120
Convert 31311 (base 5) to base 14.
a89
4625 (base 11) to base 15
1c02
Convert 12404 (base 5) to base 7.
2566
Convert -474 (base 14) to base 8.
-1566
Convert 3185 (base 9) to base 14.
bd7
What is 1010111110 (base 2) in base 14?
382
3320 (base 5) to base 16
1cc
What is 1200131 (base 4) in base 6?
44325
Convert -5245 (base 8) to base 11.
-2058
-32102 (base 4) to base 8
-1622
What is 101102001 (base 3) in base 12?
4484
What is -100100011011011 (base 2) in base 13?
-8649
123625 (base 8) to base 3
2011211221
Convert -3b71 (base 14) to base 2.
-10100011110111
-304201 (base 5) to base 12
-58b2
Convert d96 (base 15) to base 13.
151b
2312 (base 5) to base 2
101001100
What is 1453 (base 13) in base 11?
2234
-1122202 (base 5) to base 10
-20302
574 (base 14) to base 15
4c2
What is 410 (base 12) in base 14?
300
Convert 22222122 (base 3) to base 6.
50155
-13030 (base 5) to base 12
-707
What is -2215 (base 6) in base 14?
-28b
Convert -35615 (base 9) to base 14.
-8980
What is 26619 (base 11) in base 12?
19bba
Convert -144 (base 5) to base 13.
-3a
What is 155a (base 12) in base 5?
40033
What is 22031120 (base 4) in base 13?
16058
What is 3436 (base 8) in base 6?
12234
Convert 3546 (base 10) to base 16.
dda
Convert -12022121 (base 4) to base 16.
-6299
Convert 98 (base 12) to base 7.
224
What is -1352 (base 10) in base 8?
-2510
What is -347 (base 12) in base 3?
-200001
240342 (base 6) to base 8
50606
What is -2318 (base 9) in base 10?
-1718
5055 (base 7) to base 2
11011011011
What is 100001101010 (base 2) in base 8?
4152
Convert 178 (base 9) to base 13.
b9
Convert 2330 (base 8) to base 13.
745
What is -122121 (base 3) in base 14?
-25d
What is 2666 (base 10) in base 2?
101001101010
What is 6484 (base 12) in base 15?
3414
What is -7133 (base 12) in base 11?
-9253
-103110 (base 4) to base 6
-5420
Convert -70ab (base 14) to base 7.
-110304
-33e (base 15) to base 14
-3a6
What is -1210101 (base 3) in base 5?
-20211
What is 212001210 (base 3) in base 4?
10012233
Convert -22552 (base 6) to base 13.
-161c
What is -1135 (base 10) in base 2?
-10001101111
What is 5066 (base 7) in base 9?
2368
Convert -1778 (base 11) to base 9.
-3084
Convert 54312 (base 7) to base 12.
79b9
121122 (base 4) to base 9
2206
-4044 (base 12) to base 16
-1b34